{"id":6,"date":"2019-09-03T18:51:57","date_gmt":"2019-09-03T16:51:57","guid":{"rendered":"http:\/\/horizon-assets.de\/?page_id=6"},"modified":"2020-07-15T10:31:08","modified_gmt":"2020-07-15T08:31:08","slug":"start","status":"publish","type":"page","link":"https:\/\/horizon-assets.com\/","title":{"rendered":"Willkommen bei Horizon Assets"},"content":{"rendered":"\r\n<p>Manche Leute halten den Unternehmer f\u00fcr einen r\u00e4udigen Wolf, den man totschlagen m\u00fcsse. Andere sehen in ihm eine Kuh, die man ununterbrochen melken k\u00f6nne. Nur wenige erkennen in ihm das Pferd, das den Karren zieht. *Sir Winston Churchill<\/p>\r\n<h5><strong>WIR\u00a0 INVESTIEREN IN<\/strong>\u00a0<\/h5>\r\n<ul>\r\n<li style=\"list-style-type: none;\">\r\n<ul>\r\n<li>Gute Ideen\u00a0 \u00a0<\/li>\r\n<li>Smarte Gr\u00fcnder<\/li>\r\n<li>Interessante Unternehmen<\/li>\r\n<\/ul>\r\n<\/li>\r\n<\/ul>\r\n","protected":false},"excerpt":{"rendered":"<p>Manche Leute halten den Unternehmer f\u00fcr einen r\u00e4udigen Wolf, den man totschlagen m\u00fcsse. Andere sehen in ihm eine Kuh, die man ununterbrochen melken k\u00f6nne. Nur wenige erkennen in ihm das Pferd, das den Karren zieht. *Sir Winston Churchill WIR\u00a0 INVESTIEREN IN\u00a0 Gute Ideen\u00a0 \u00a0 Smarte Gr\u00fcnder Interessante Unternehmen<\/p>\n","protected":false},"author":1,"featured_media":0,"parent":0,"menu_order":0,"comment_status":"closed","ping_status":"closed","template":"","meta":{"footnotes":""},"class_list":["post-6","page","type-page","status-publish","hentry"],"_links":{"self":[{"href":"https:\/\/horizon-assets.com\/index.php?rest_route=\/wp\/v2\/pages\/6","targetHints":{"allow":["GET"]}}],"collection":[{"href":"https:\/\/horizon-assets.com\/index.php?rest_route=\/wp\/v2\/pages"}],"about":[{"href":"https:\/\/horizon-assets.com\/index.php?rest_route=\/wp\/v2\/types\/page"}],"author":[{"embeddable":true,"href":"https:\/\/horizon-assets.com\/index.php?rest_route=\/wp\/v2\/users\/1"}],"replies":[{"embeddable":true,"href":"https:\/\/horizon-assets.com\/index.php?rest_route=%2Fwp%2Fv2%2Fcomments&post=6"}],"version-history":[{"count":15,"href":"https:\/\/horizon-assets.com\/index.php?rest_route=\/wp\/v2\/pages\/6\/revisions"}],"predecessor-version":[{"id":235,"href":"https:\/\/horizon-assets.com\/index.php?rest_route=\/wp\/v2\/pages\/6\/revisions\/235"}],"wp:attachment":[{"href":"https:\/\/horizon-assets.com\/index.php?rest_route=%2Fwp%2Fv2%2Fmedia&parent=6"}],"curies":[{"name":"wp","href":"https:\/\/api.w.org\/{rel}","templated":true}]}}